(t) = l(t) + 3*r(t). Give p(-1).
0
Suppose 7*x - 5*f - 2 = 4*x, 3*x = 2*f - 1. Let l(p) = -26*p**3 - p**2 - 2*p - 1. Determine l(x).
26
Let w(a) = -7*a**2 - 4*a - 5. Suppose 0 = -4*s - c - 21, -6*s - 22 = -s - 3*c. Let u(p) = -3*p**2 - 2*p - 2. Let m(l) = s*u(l) + 2*w(l). Determine m(-3).
3
Let a(y) = y**3 + 10*y**2 + 10*y + 13. Let z be a(-9). Let j(s) = 0*s + 4 + s**2 - z + 4*s - 4. Let w be -3 + (-3 - -1 - 0). Calculate j(w).
1
Let n = 22 - 16. Let u(d) = 3 + n*d - d - 51*d**2 + 50*d**2. Determine u(4).
7
Let c(f) = -632*f**3 + 2*f + 631*f**3 - 6 - f**2 + 4. Give c(1).
-2
Let a(x) be the second derivative of -9*x + 0 + 1/2*x**2 + 1/3*x**3. Suppose 3*s = -5 - 4. Determine a(s).
-5
Suppose -10*w + 8*w + 14 = 0. Let v(s) = -8*s + 45. Let u be v(w). Let i(l) = l**2 + 13*l + 12. Calculate i(u).
-10
Suppose 2*m - 2 - 12 = 0. Let q(a) = 5 - 3 - 15*a - a**2 + 5*a + 2*a**2. Determine q(m).
-19
Let q(b) = -2913 - 4*b + 2913. Let k = 15 + -10. Let i = k - 7. Calculate q(i).
8
Let o(q) be the third derivative of -q**4/24 - 6*q**3 - 262*q**2. Calculate o(0).
-36
Let a(t) = -3*t**3 + 10*t**2 + 8*t - 9. Let c(b) = 5*b**3 - 11*b**2 - 9*b + 8. Let w(l) = -3*a(l) - 2*c(l). Calculate w(-7).
4
Let b = 10961 - 10967. Let q(x) = 2*x + 10. Let g(d) = 5*d + 21. Let n(h) = 3*g(h) - 7*q(h). Calculate n(b).
-13
Suppose -21*r - 30 = -16*r. Let v(i) = -i**2 - 7*i - 4. Determine v(r).
2
Let u(q) be the first derivative of q**4/4 - 2*q**3 + q**2 - 7*q + 1843. Let z be 10/(-25)*(-15 + 0). Give u(z).
5
Let q(b) = b + 5. Suppose -71*z + 9*z - 310 = 0. Give q(z).
0
Let k(r) be the second derivative of -r**3/6 + 33*r**2/2 - 519*r. What is k(17)?
16
Let d(m) be the first derivative of 3*m + 1/4*m**4 - 1 - m**2 - 4/3*m**3. Let n(z) = z**3 - 52*z**2 - 105*z - 158. Let l be n(54). Determine d(l).
-5
Let i(b) = 15*b - 46. Let v be i(-6). Let u = -134 - v. Let t(c) be the third derivative of -c**5/12 + c**4/12 + c**3/3 + c**2. What is t(u)?
-14
Let i(d) be the second derivative of d**4/12 + d**3/3 + d**2/2 + 35*d. Calculate i(-2).
1
Let p(t) = -t**2 - 7*t + 1. Suppose -198 = 3*u + 3*q, 5*u + 4*q = 3*u - 136. Let h = u + 58. Calculate p(h).
7
Let y(n) = n**2 - 9*n - 34. Let s be y(12). Let q(p) = -17 + 28 - p**s - 6*p - 9. Determine q(-7).
-5
Let g(c) = -9*c**2 + 4*c + 1. Let v(m) = -21*m**2 + 9*m + 2. Let z(i) = -5*g(i) + 2*v(i). Determine z(-1).
4
Let f be ((-8)/(-3))/((-16)/(-72)). Let v = f + -7. Let s(q) be the third derivative of q**5/60 - q**4/4 + q**3/2 + 20*q**2. Give s(v).
-2
Let d(k) = -k + 3. Let j = -851 + 847. Give d(j).
7
Let l(x) = x**2 - 20*x + 22. Suppose -7*v = 45*v - 988. Determine l(v).
3
Suppose -19*z = -14*z + 20. Let g = z + 4. Let c(s) = 0*s**2 + g + 4*s**2 + 2 - 1. Calculate c(1).
5
Let k(h) = -2*h**2 + 4*h - 2. Let s(r) = -r**3 - 7*r**2 + 6*r - 11. Let n be s(-8). Let w(t) = 4*t - 12. Let u be w(n). Let q be u/3 - 10/15. What is k(q)?
-2
Let n(i) be the first derivative of i**2/2 - 2*i + 1. Suppose 3 = b - 0*b. Suppose -5*f + b*f = -4. What is n(f)?
0
Let o(t) = -3*t**3 + t**2 - 1. Let m = 17 - 14. Suppose m*d - 3 = 6*d. Give o(d).
3
Let z(a) = -5*a**3 - 13*a**2 - 13*a + 11. Let u(o) = o**3 + o**2 - o - 1. Let p(f) = -6*u(f) - z(f). Let w be p(9). Let v(j) = j**2 - 2*j - 2. What is v(w)?
6
Let q(d) = d**2 - 12*d + 20. Suppose -5*n + 5*t + 40 = 0, 0 = -5*t - 19 + 29. What is q(n)?
0
Let u(k) = -k + 3. Let a be u(0). Let i(h) = 25*h**3 + 3 - h + 0 + 0 - 26*h**3 + 4*h. What is i(a)?
-15
Let b(n) = 5*n**3 + 6*n**2 - 19. Let s(x) = -2*x**3 + x**2 - x. Let a(g) = b(g) + 2*s(g). What is a(-8)?
-3
Let c(h) = 3*h**2 + 4*h - 11. Let j be c(-7). Let f be (j/(-8))/3*2/3. Let d(i) be the second derivative of -i**3/6 - 3*i**2/2 - i. Calculate d(f).
0
Let s(x) = 5*x**3 - 4*x**2 + 7*x + 3. Let z(d) = 8*d**2 - 13*d - 47 - 9*d**3 + 24 + 18. Let u(f) = 7*s(f) + 4*z(f). What is u(4)?
-11
Suppose 0 = -f - 28 - 3. Let v = -18 - f. Suppose -v = -s - 0*r + 5*r, -2*s + 2 = -4*r. Let b(h) = h**2 + 8*h. What is b(s)?
-7
Let y = -3 - -4. Let s be (y - -2 - 3) + 3. Let x be -4 - (-4)/6*s. Let m(r) = -r**3 - 2. Determine m(x).
6
Suppose -40*m - 50 = -15*m. Let n(p) = 2*p + 1. Determine n(m).
-3
Let r(m) = -m + 10. Let y = 312 - 303. Determine r(y).
1
Let o(n) be the first derivative of -6*n + 0*n**2 - 1/3*n**3 - 2. Let f(u) = -u**2 + 9*u + 70. Let j be f(-5). What is o(j)?
-6
Let u be 34 - (1 + 8 - 5). Suppose 4*r = 9*r + u. Let m(x) be the second derivative of -x**3/6 - x. Calculate m(r).
6
Let g(r) = 3*r - 1. Let z(h) = -3*h - 7. Let v be z(-3). Suppose -3*q = 3*y - 66, 0*q + 63 = 3*y + v*q. Let x = y - 18. Calculate g(x).
2
Let n = 5 + -3. Let o(k) = -4*k**2 - 4*k**2 + k + k**2 + 2*k**n. Suppose 5*h = -0*h - 2*a + 5, -3*h + 3 = -2*a. Calculate o(h).
-4
Let i(u) = u - 14*u**3 - 3*u**2 - 7*u**3 + 20*u**3 - 2. Give i(-3).
-5
Let x(o) = -5*o**2 + 2*o + 2. Let q = 19 + -11. Let b be (-70)/(-21) + q/(-6). What is x(b)?
-14
Let r be 1 - 3/(-1) - (1 - -7). Let o(l) be the first derivative of -l**3/3 - 3*l**2 - 6*l + 9. Determine o(r).
2
Let r(l) be the third derivative of l**6/120 - l**4/24 - 7*l**3/6 - 22*l**2 + 2. Give r(0).
-7
Let g(o) = 2*o. Let j be 4/(-6) - (40/(-24) - -1). Suppose j = 2*l - 5*v + 1, -l + 2 = 3*v + 8. Give g(l).
-6
Let g(x) = -x - 5. Suppose -3*n - 2*z + 50 = 0, 0 = n - z + 2*z - 17. Let k be 15/(-3)*n/20. Calculate g(k).
-1
Suppose 5*z = 9 + 26. Suppose -i = z*i + 40. Let l(u) = 9 + 2 - 3*u - 6 - 6*u**2 - u**3 + 2. Give l(i).
-3
Let w(f) = -f - 1. Let d(p) = 2*p + 2. Let n(m) = -6*d(m) - 11*w(m). Let t = -6 + -4. Let g = t - -12. Give n(g).
-3
Let d(v) = -5*v**3 - v**2 - v - 1. Suppose -83 = 5*g + 122. Let z = g - -44. Let n(u) = u**2 - 10. Let y be n(z). Give d(y).
4
Let v be 7 + 1 + 3/(-3). Suppose 7 = 2*h - v. Let x be (-3)/h - 4/7. Let j(w) = -15*w**3 - 2*w**2 - w. Calculate j(x).
14
Let l(i) be the third derivative of -i**5/30 - i**4/24 - 8*i**2 + 12. Calculate l(1).
-3
Let z = -640 + 631. Let k(u) = u**3 + 6*u**2 - 28*u - 8. What is k(z)?
1
Suppose -8*b - 158 - 114 = 0. Let j be (-17)/b + (-18)/(-4). Let i(t) = -2*t + 1. Give i(j).
-9
Let g(i) be the third derivative of 49*i**4/24 - i**3/2 - 11*i**2. Let z(m) = -16*m + 1. Let o(j) = -2*g(j) - 7*z(j). Give o(-1).
-15
Let x(z) = 2*z**3 - z**2 - 2*z - 1. Suppose -p + 11 = -0*p. Let o = p - 6. Suppose o*l = l - 4. Calculate x(l).
-2
Let y(q) = 0 - 8 + 3*q + q**2 + 11. Let h(z) = -z**2 - 12*z - 13. Let s be h(-11). What is y(s)?
1
Let v(r) = -14*r**2 - 12*r. Let n(a) = -5*a**2 - 4*a. Let o(t) = -17*n(t) + 6*v(t). Determine o(6).
12
Let l be 0*(-1 + (-8)/(-12)). Let t(y) = -9*y + 2*y + l*y**3 - y**3 + 8*y. Give t(-2).
6
Let l(w) = -w**2 - 8*w - 2. Let b(h) = -h**2 - 7*h - 2. Let o(y) = 2*b(y) - 3*l(y). Suppose -9 = 3*u + 15. Calculate o(u).
-14
Let w(x) be the first derivative of 4*x**3 - x - 84. Calculate w(1).
11
Let m(s) = -s**3 + 2*s**2 + 2*s + 4. Suppose 50*d = 25*d + 75. Give m(d).
1
Let m(h) = 7*h + 0*h**3 - 1 - 4 - 7*h**2 - 2 + h**3 - 2. Let l(f) = 2*f - 8. Let r be l(7). Determine m(r).
-3
Let b(f) = f - 7. Let w(r) = 6*r - 48. Let k(o) = -27*b(o) + 4*w(o). Let j(x) = -x + 2. Let n(v) = 2*j(v) - k(v). Calculate n(-10).
-3
Let a(i) = 5*i + 1. Let r(g) = -2*g**2 + 5*g + 21. Let z be r(5). Calculate a(z).
-19
Let a(g) = 3*g**2 + 16*g**2 - 2*g**2 - 1 - 3*g**2 - 13*g**2 + g. Determine a(1).
1
Let g(t) be the third derivative of 0 + 0*t + 1/4*t**4 + 7/6*t**3 + 1/60*t**5 + 22*t**2. What is g(-6)?
7
Let z(r) = r**2 - 14*r + 11. Suppose 0 = 4*i + 44 - 96. Determine z(i).
-2
Let j(g) = 6*g**3 - 4 + 1008*g**2 + 5 - 1009*g**2. What is j(-1)?
-6
Let z(g) be the first derivative of -2*g**3/3 - 2*g + 38. Calculate z(3).
-20
Let n = -29 + 52. Let a = -28 + n. Let l(r) = r**2 + 3*r - 3. Calculate l(a).
7
Let j(a) = 53 + 27*a**2 - 28*a**2 - 49 - a. Calculate j(3).
-8
Let b(r) = -3*r + 3. Let l be b(-3). Suppose 5*d + 18 + l = 0. Let k(z) = -10*z - 11. Let g(u) = u + 1. Let t(h) = 22*g(h) + 2*k(h). Give t(d).
-12
Let x(n) be the first derivative of -n + 1/2*n**2 + 19. Let i = -1 + -1. Give x(i).
-3
Let r(h) be the first derivative of h**2/2 + 4*h - 269. Calculate r(5).
9
Let q(x) be the third derivative of x**9/60480 - x**8/5040 + x**7/2520 - x**6/180 - x**5/3 - 12*x**2. Let t(g) be the third derivative of q(g). Determine